 = 7*l + 1. Let f(y) = -3*k(y) - 2*u(y). What is the remainder when 13 is divided by f(1)?
5
Let u(r) = -r**2 + 74. Let p be u(0). Let y = p + -40. What is the remainder when y is divided by 12?
10
Let m(u) = u**2 + 3*u + 1. What is the remainder when (-1)/(2/(-2) + 0) is divided by m(-3)?
0
Let x = 10 - 8. Let y = 1 + 4. What is the remainder when y is divided by x?
1
Let o = -38 - -58. Suppose b = -3*n + o, -b = -5*n - 0*b + 20. What is the remainder when 14 is divided by n?
4
Let s(k) = k**2 + 12*k + 23. Calculate the remainder when s(-10) is divided by 2.
1
Suppose 0 = 2*g - 10 + 2, 3*d + 5*g = 35. Suppose 18 = 3*b + 3*t, -t + 36 = d*b + t. Calculate the remainder when 23 is divided by b.
7
Let u(k) = 2*k + 42. Calculate the remainder when u(-8) is divided by 17.
9
Let b = 10 - 6. Suppose -k + x + 34 = -3*x, b*k = x + 151. Let v = 27 + -14. What is the remainder when k is divided by v?
12
Let o(t) be the third derivative of -t**6/120 - 3*t**5/20 + t**4/3 - 4*t**3/3 + 2*t**2. What is the remainder when 45 is divided by o(-10)?
9
Let p(c) = -c**3 + 11*c**2 + 3*c - 12. Calculate the remainder when 61 is divided by p(11).
19
Suppose 4*w - 54 = w. What is the remainder when w*-6*6/(-27) is divided by 9?
6
Suppose 4*q - 3*s = 92, -4*s + 23 = q - s. What is the remainder when q is divided by 18?
5
Let m = 24 - 20. What is the remainder when 9 is divided by m?
1
Let a be (2 - 5)/(6/(-44)). Suppose -6*n + 30 + 12 = 0. What is the remainder when n is divided by 114/a + (-6)/33?
2
Suppose i = 2*i - 3. Let w = -5 + i. What is the remainder when 8 is divided by -1 - -2*(1 - w)?
3
Let h(c) = c**2 + 8*c + 1. Suppose -4*q = -2*q + 6, -4*u - 2*q = 42. Let b(w) = w**3 + 2. Calculate the remainder when b(3) is divided by h(u).
9
Suppose -7*v + 3*v = -36. Let i = v + -14. Let z = i + 16. What is the remainder when 30 is divided by z?
8
Suppose 2*k = 4*x + 130, 4*k = 3*k - x + 71. What is the remainder when k is divided by 18?
15
Suppose -o - 2*w + 7*w = -21, 2*o - 12 = -5*w. Suppose 0 = -2*m + 2, -m - 4 = -7*h + 2*h. Calculate the remainder when (-43)/(-2 + 0 + h) is divided by o.
10
Suppose -t = -4*t + 57. Let y = -74 - -109. Calculate the remainder when y is divided by t.
16
Let r = -6 - -104. Calculate the remainder when 38 is divided by (-18)/(-45) + r/5.
18
Let p(s) = s**3 + 4*s**2 + s + 7. What is the remainder when 50 is divided by p(-3)?
11
Let l(b) = -b**2 - b + 18. Let g be l(0). Suppose -3 = 5*i - g. Calculate the remainder when (0 - -5)/((-3)/(-3)) is divided by i.
2
Let g be (2/(-6))/((-1)/(-3)). Let q = g + 2. Let r = 5 - q. Calculate the remainder when 11 is divided by r.
3
Let o(d) = d**3 + 4*d**2 + 2*d + 9. What is the remainder when 3 is divided by o(-4)?
0
Suppose 3*t + 2*n - 8 = t, -5*n = t + 12. Let c = 69 + -46. Calculate the remainder when c is divided by t.
7
Let l be (-4)/(-14) - (-99)/21. Suppose 0 = l*s - 6 - 9. What is the remainder when 1 - 3 - 5*-2 is divided by s?
2
Suppose -2*u - 56 = -3*k, 5*u - 47 = 2*k - 3*k. Suppose 8 = 3*x - 4*y, 0*x + 4*y - 32 = -2*x. What is the remainder when k is divided by x?
6
Let d(b) = b**3 + 7*b**2 + 4*b + 8. Let a be d(-6). Let v = a + -1. Let n = -1675 + 1682. What is the remainder when v is divided by n?
5
Let t = 14 - -4. Calculate the remainder when 69 is divided by t.
15
Suppose -4*y - 8 = -2*q, y + 3*y + 24 = -2*q. What is the remainder when 15 is divided by y/(8/6 - 2)?
3
Let l(z) = 9*z - 51. Calculate the remainder when 231 is divided by l(10).
36
Let n = -6 + 15. Let s(j) = j**2 - j - 3. Let f be s(4). Let b = f - -8. Calculate the remainder when b is divided by n.
8
Let b(m) = -m**2 - 7*m. Let h(s) = 2*s**2 + 5*s - 6. What is the remainder when h(-5) is divided by b(-5)?
9
Suppose 4*u + 2*z = -0*u + 48, 5*u + 3*z - 59 = 0. Let w be 1/(-2) - 61/(-2). What is the remainder when u is divided by w/2*2/6?
3
Let w(k) = -15*k**3 + k**2 - 3 + k**2 + 2. Suppose -3*t + 125 - 32 = 0. Calculate the remainder when t is divided by w(-1).
15
Calculate the remainder when 13 is divided by (-36)/(-5) - (-1)/(-5).
6
Let w = -40 - -69. Calculate the remainder when w is divided by 10.
9
Suppose -3*s = -s - 8. Calculate the remainder when 4 is divided by (12/9)/(s/6).
0
Let u(s) = 55*s - 3. Let m(i) = 28*i - 1. Let h(q) = -9*m(q) + 4*u(q). Calculate the remainder when h(-1) is divided by (-8)/((-2)/((-8)/(-2))).
13
Suppose 127 - 5 = 5*v + d, 22 = v - d. Calculate the remainder when v is divided by -2*(26/(-4))/1.
11
Suppose 0*g - g - 5 = 3*f, 0 = 5*g - f - 23. What is the remainder when 23 is divided by g?
3
Suppose 0*l + l - 2 = 0. Let d = l - 4. Let c(p) = -2*p**3 - 2*p**2 - p - 1. What is the remainder when 25 is divided by c(d)?
7
Let o = -56 + 126. Calculate the remainder when o is divided by 37.
33
Suppose 4*x = 20 + 60. Calculate the remainder when x is divided by 12.
8
Suppose 3*u - 12 = 0, -a - 109 = -6*a + 4*u. Let d = 18 + -9. Calculate the remainder when a is divided by d.
7
Let n(f) = -f**3 - 4*f**2 - 2*f + 4. Let a be n(-4). Suppose -3*h = a - 48. What is the remainder when h is divided by 7?
5
Let r(w) = 4*w + 2. Let v be r(7). Suppose -2*q + 5*n + 78 = 0, -q + v = -n + 3*n. Calculate the remainder when q is divided by 12.
10
Suppose -5*u - 3*n = -546, -3*u + 4*u - 118 = -5*n. What is the remainder when u is divided by 22?
20
Let u be (-3)/2 + 7/2. What is the remainder when 34 is divided by 17 - (u + -1)/(-1)?
16
Suppose 5*s - 18 = -4*q, s = -3*q + 13 + 6. Let d(o) = o**3 - 5*o**2 - 11*o + 7. What is the remainder when 83 is divided by d(q)?
27
Let n(x) = -2*x**3 - 5*x**2 - 3. Calculate the remainder when 134 is divided by n(-4).
44
Let x = -15 + 26. Calculate the remainder when x is divided by 3.
2
Let p = 53 - 43. Suppose 5*j - 4 = -2*r + 2, 6 = 2*r + 4*j. Calculate the remainder when p is divided by r.
1
Let t = -72 - -87. Suppose 2*z + 31 + 13 = x, -4*x + 163 = 5*z. What is the remainder when x is divided by t?
12
Let m(b) = -4*b. Suppose -7*f - 99 = -330. What is the remainder when f is divided by m(-3)?
9
Let d = 14 + -2. Let o = -24 - -31. What is the remainder when d is divided by o?
5
Suppose 3*a = -2*g + 42, a = -a + g + 21. Calculate the remainder when 34 is divided by a.
10
Calculate the remainder when 46 is divided by (544/51)/(2/3).
14
Calculate the remainder when 42 is divided by (-14)/(-28) - 90/(-4).
19
Suppose -3*b = -100 + 7. Let x = 8 - 5. Suppose 3*v - 30 = x. Calculate the remainder when b is divided by v.
9
Calculate the remainder when 40 is divided by 1*996/45 - (-6)/(-45).
18
Suppose -433 - 68 = -3*i. Calculate the remainder when i is divided by 24.
23
Let a(r) = 6*r - 6. Suppose 4*i = 5*f + 72, 3*f = -4*i + f + 44. Calculate the remainder when a(5) is divided by i.
11
Let u(l) = -l**2 - 2*l. Let h be u(-1). Let n(z) = -4 + 6*z + 3 - h. What is the remainder when n(4) is divided by 8?
6
Let f = 7 - 5. Let w be (3/f)/((-3)/(-6)). Suppose 2*o + 0*o = 3*b - 2, -w*o + 3 = -3*b. Calculate the remainder when 13 is divided by o.
3
Let q(p) be the second derivative of 2*p**3/3 - p. Let i be q(-8). Let c = -22 - i. What is the remainder when 18 is divided by c?
8
Let h(p) = 3*p**2 + 4*p - 4. Let y be h(-6). Suppose u - y = -u. Suppose 59 = 4*w - m, 5*m - 5 = -20. Calculate the remainder when u is divided by w.
12
Suppose -4*y - 2*x + 49 - 7 = 0, -30 = -3*y - 2*x. Calculate the remainder when 23 is divided by y.
11
Let i(y) = -2*y**3 - 19*y**2 - 4*y - 7. What is the remainder when i(-10) is divided by 34?
31
Let j(p) = -11*p - 6. Calculate the remainder when j(-3) is divided by 10.
7
Suppose 0 = 5*c - 0 - 5. Suppose c + 23 = p. Calculate the remainder when 47 is divided by p.
23
Let g(s) = -s**3 - 4*s**2 + 3*s + 2. Let y be g(-3). Let u = y + 32. Let o(w) = -2*w + 17. What is the remainder when o(-7) is divided by u?
15
Suppose 5*y + 3*w = 15, 0*w + 4*w + 38 = 3*y. Calculate the remainder when 9 is divided by y.
3
Suppose -2*d + k + 20 = 0, d - 5*k = -2*d + 16. Let s = 31 - d. Suppose -2*t + 240 = 4*p, -5*t = s + 1. What is the remainder when p is divided by 21?
20
Suppose 0*y - y + 3 = 0. Let g = 20 - 11. Suppose -v + 2*v = -y*s + g, -3*v = 5*s - 39. Calculate the remainder when 35 is divided by v.
17
Suppose -3*y + 7 = -5. Calculate the remainder when 309/21 + y/14 is di